 a multiple of 379?
True
Does 200 divide 12152?
False
Is 731 a multiple of 43?
True
Is 117652 a multiple of 67?
True
Is 791 a factor of 5182491?
False
Is 388200 a multiple of 200?
True
Does 159 divide 533939?
False
Does 96 divide 5307936?
True
Is 97878 a multiple of 16?
False
Is 23976 a multiple of 216?
True
Is 214 a factor of 3208930?
True
Is 188985 a multiple of 3?
True
Does 141 divide 3921492?
True
Is 73 a factor of 941692?
False
Is 108250 a multiple of 50?
True
Does 118 divide 1815372?
False
Is 80 a factor of 1645546?
False
Does 49 divide 128915?
False
Does 37 divide 5439?
True
Is 237 a factor of 2372370?
True
Is 40 a factor of 550902?
False
Is 150 a factor of 6447150?
True
Is 54 a factor of 3236896?
False
Is 546907 a multiple of 14?
False
Does 10 divide 1079308?
False
Does 547 divide 673346?
False
Is 641868 a multiple of 89?
True
Is 3883251 a multiple of 23?
True
Does 17 divide 17624?
False
Is 103808 a multiple of 144?
False
Does 218 divide 3068217?
False
Does 229 divide 1594985?
True
Does 146 divide 12799495?
False
Is 31 a factor of 139152?
False
Is 35 a factor of 4053821?
False
Is 160 a factor of 16314080?
True
Is 565003 a multiple of 131?
True
Is 8265137 a multiple of 20?
False
Is 989042 a multiple of 13?
False
Does 230 divide 5005260?
True
Is 17120103 a multiple of 33?
True
Is 832 a factor of 1032887?
False
Is 192705 a multiple of 13?
False
Is 564834 a multiple of 46?
True
Is 11 a factor of 175910?
False
Does 12 divide 282108?
True
Is 236440 a multiple of 92?
True
Is 6485836 a multiple of 1431?
False
Does 11 divide 6492684?
True
Is 20 a factor of 690240?
True
Does 19 divide 271244?
True
Is 168 a factor of 276528?
True
Is 417002 a multiple of 7?
False
Is 9 a factor of 111213?
True
Is 630352 a multiple of 109?
False
Is 237330 a multiple of 3?
True
Is 31 a factor of 341992?
True
Is 1009477 a multiple of 31?
False
Is 194 a factor of 226094?
False
Is 5115418 a multiple of 1126?
True
Does 51 divide 39348?
False
Does 43 divide 1822987?
False
Does 49 divide 2550500?
False
Is 84 a factor of 121423?
False
Is 306570 a multiple of 13?
False
Is 126 a factor of 67003?
False
Does 77 divide 46816?
True
Does 545 divide 30591940?
True
Is 490038 a multiple of 6?
True
Does 47 divide 5976849?
True
Is 162 a factor of 260496?
True
Is 23 a factor of 2922355?
False
Is 17 a factor of 91063?
False
Is 14456 a multiple of 6?
False
Does 225 divide 17214?
False
Is 79 a factor of 714792?
True
Is 6 a factor of 4126505?
False
Is 31 a factor of 181319?
True
Is 40 a factor of 1101560?
True
Does 99 divide 22200057?
True
Is 31 a factor of 281033?
False
Is 118 a factor of 174074?
False
Is 64692 a multiple of 27?
True
Is 1148455 a multiple of 77?
True
Is 20 a factor of 12466228?
False
Is 393574 a multiple of 60?
False
Does 13 divide 7960017?
True
Does 350 divide 2374622?
False
Does 53 divide 761707?
False
Is 1131452 a multiple of 7?
True
Is 1085 a factor of 11895172?
False
Does 453 divide 3723207?
True
Is 7527821 a multiple of 5?
False
Is 157 a factor of 28125?
False
Does 39 divide 351195?
True
Does 257 divide 40089?
False
Is 2753839 a multiple of 248?
False
Does 19 divide 627475?
True
Does 3 divide 302201?
False
Is 64 a factor of 12178880?
True
Is 405670 a multiple of 5?
True
Is 6920520 a multiple of 98?
False
Does 374 divide 1162467?
False
Does 20 divide 933164?
False
Is 10 a factor of 193050?
True
Is 613 a factor of 8708448?
False
Does 13 divide 33644?
True
Is 1099800 a multiple of 312?
True
Is 41 a factor of 141888?
False
Is 1404 a factor of 4816722?
False
Is 8111 a multiple of 8?
False
Does 11 divide 6746?
False
Is 19 a factor of 1219427?
False
Does 26 divide 1094651?
False
Does 172 divide 1566060?
True
Is 166 a factor of 281680?
False
Is 374 a factor of 729300?
True
Is 684 a factor of 555408?
True
Is 63 a factor of 102753?
True
Is 18 a factor of 790088?
False
Is 94 a factor of 202630?
False
Is 9 a factor of 711684?
True
Is 11 a factor of 14710?
False
Is 3115554 a multiple of 39?
True
Is 185 a factor of 19055?
True
Is 193241 a multiple of 31?
False
Is 8 a factor of 797088?
True
Is 211 a factor of 294821?
False
Is 190896 a multiple of 82?
True
Does 26 divide 6873854?
True
Is 126 a factor of 1067724?
True
Does 21 divide 49119?
True
Is 793314 a multiple of 166?
True
Is 109 a factor of 83494?
True
Does 31 divide 40021?
True
Is 128 a factor of 1385453?
False
Does 49 divide 416108?
True
Is 1272703 a multiple of 45?
False
Does 162 divide 3588379?
False
Does 361 divide 773623?
True
Is 153327 a multiple of 49?
False
Is 2 a factor of 163260?
True
Is 899166 a multiple of 18?
False
Does 35 divide 330477?
False
Is 27 a factor of 10459115?
False
Is 142 a factor of 1031914?
True
Is 451 a factor of 85239?
True
Does 54 divide 106758?
True
Is 400 a factor of 240800?
True
Does 81 divide 7242858?
True
Is 2070030 a multiple of 15?
True
Is 109864 a multiple of 4?
True
Is 3577896 a multiple of 31?
True
Is 361764 a multiple of 156?
True
Does 9 divide 34925454?
True
Is 42521 a multiple of 57?
False
Does 320 divide 1062080?
True
Is 11071 a multiple of 22?
False
Does 427 divide 977403?
True
Is 22 a factor of 4032463?
False
Does 61 divide 10190836?
False
Is 64 a factor of 33088?
True
Is 20 a factor of 356481?
False
Is 67 a factor of 230212?
True
Is 722 a factor of 1414924?
False
Is 51 a factor of 53958?
True
Is 14542 a multiple of 20?
False
Does 461 divide 8661268?
True
Is 67 a factor of 7645705?
True
Does 4 divide 47404?
True
Does 61 divide 17102265?
True
Does 13 divide 229381?
False
Does 72 divide 112338?
False
Is 51 a factor of 595578?
True
Is 230 a factor of 2424200?
True
Is 76854 a multiple of 207?
False
Does 11 divide 38327?
False
Is 10 a factor of 1108760?
True
Is 24 a factor of 47557?
False
Is 28 a factor of 22288?
True
Is 47063 a multiple of 19?
True
Does 12 divide 7041180?
True
Is 6391503 a multiple of 1851?
True
Is 1225576 a multiple of 44?
True
Is 639035 a multiple of 9?
False
Does 404 divide 573618?
False
Is 24676 a multiple of 84?
False
Does 384 divide 108672?
True
Is 79 a factor of 14343556?
True
Is 256 a factor of 1051904?
True
Is 1638613 a multiple of 17?
True
Does 444 divide 1123287?
False
Is 473532 a multiple of 533?
False
Is 55 a factor of 2805110?
True
Does 19 divide 1678012?
False
Is 435085 a multiple of 35?
True
Is 8306727 a multiple of 17?
True
Does 149 divide 25503734?
True
Is 5 a factor of 8680?
True
Is 16 a factor of 5583200?
True
Does 2 divide 64?
True
Does 17 divide 603925?
True
Does 87 divide 168386?
False
Is 48 a factor of 507936?
True
Is 230078 a multiple of 67?
True
Is 113123 a multiple of 220?
False
Does 4 divide 179813?
False
Is 278513 a multiple of 7?
False
Is 167 a factor of 566741?
False
Does 28 divide 1630524?
True
Does 7 divide 23219?
True
Does 22 divide 296735?
False
Does 108 divide 744336?
True
Is 428 a factor of 273920?
True
Is 139215 a multiple of 21?
False
Is 27 a factor of 116532?
True
Is 7872870 a multiple of 85?
True
Is 78 a factor of 994682?
False
Is 192 a factor of 12237773?
False
Is 216 a factor of 289872?
True
Does 575 divide 834325?
True
Is 70 a factor of 1153040?
True
Does 672 divide 441323?
False
Is 42525 a multiple of 35?
True
Is 9 a factor of 2335134?
False
Is 17 a factor of 650201?
False
Is 624089 a multiple of 487?
False
Is 1458856 a multiple of 436?
True
Does 8 divide 10003436?
False
Is 11 a factor of 148456?
True
Does 20 divide 569053?
False
Is 18087 a multiple of 5?
False
Does 11 divide 227722?
True
Does 16 divide 33679?
False
Is 18 a factor of 3012840?
True
Does 346 divide 837320?
True
Is 37 a factor of 699485?
True
Is 24 a factor of 160172?
False
Does 410 divide 386775?
False
Is 488 a factor of 265960?
True
Is 204330 a multiple of 35?
True
Is 456 a factor of 22179384?
True
Is 8 a factor of 5757135?
False
Does 14 divide 332752?
True
Is 35 a factor of 351867?
False
Is 125 a factor of 6076957?
False
Does 11 divide 5595832?
True
Is 67 a factor of 208351?
False
Is 64 a factor of 1430529?
False
Is 375 a factor of 1827365?
False
Is 25 a factor of 7960125?
True
Does 164 divide 3392832?
True
Is 1901978 a multiple of 173?
False
Does 250 divide 773500?
True
Is 227 a factor of 9990?
False
Is 76329 a multiple of 37?
False
Does 15 divide 3606929?
False
Does 13 divide 120107?
True
Is 521 a factor of 1869869?
True
Does 19 divide 219336?
True
Is